{"id":724,"date":"2025-04-23T23:42:27","date_gmt":"2025-04-23T23:42:27","guid":{"rendered":"https:\/\/www.bruckner-schmitzer.at\/?page_id=724"},"modified":"2025-10-19T17:28:44","modified_gmt":"2025-10-19T17:28:44","slug":"projektmanagement","status":"publish","type":"page","link":"https:\/\/www.bruckner-schmitzer.at\/?page_id=724","title":{"rendered":"projektmanagement"},"content":{"rendered":"\t\t<div data-elementor-type=\"wp-page\" data-elementor-id=\"724\" class=\"elementor elementor-724\" data-elementor-post-type=\"page\">\n\t\t\t\t<div class=\"elementor-element elementor-element-063e2e0 e-flex e-con-boxed e-con e-parent\" data-id=\"063e2e0\" data-element_type=\"container\" data-e-type=\"container\">\n\t\t\t\t\t<div class=\"e-con-inner\">\n\t\t\t\t<div class=\"elementor-element elementor-element-51753d2 elementor-widget elementor-widget-heading\" data-id=\"51753d2\" data-element_type=\"widget\" data-e-type=\"widget\" data-widget_type=\"heading.default\">\n\t\t\t\t<div class=\"elementor-widget-container\">\n\t\t\t\t\t<h2 class=\"elementor-heading-title elementor-size-default\">projektmanagement<\/h2>\t\t\t\t<\/div>\n\t\t\t\t<\/div>\n\t\t<div class=\"elementor-element elementor-element-1d2292c e-grid e-con-full e-con e-child\" data-id=\"1d2292c\" data-element_type=\"container\" data-e-type=\"container\">\n\t\t\t\t<div class=\"elementor-element elementor-element-5d2286e elementor-icon-list--layout-inline elementor-align-start elementor-list-item-link-full_width elementor-widget elementor-widget-icon-list\" data-id=\"5d2286e\" data-element_type=\"widget\" data-e-type=\"widget\" data-widget_type=\"icon-list.default\">\n\t\t\t\t<div class=\"elementor-widget-container\">\n\t\t\t\t\t\t\t<ul class=\"elementor-icon-list-items elementor-inline-items\">\n\t\t\t\t\t\t\t<li class=\"elementor-icon-list-item elementor-inline-item\">\n\t\t\t\t\t\t\t\t\t\t\t<a href=\"https:\/\/www.bruckner-schmitzer.at\/?page_id=722\">\n\n\t\t\t\t\t\t\t\t\t\t\t\t<span class=\"elementor-icon-list-icon\">\n\t\t\t\t\t\t\t<svg aria-hidden=\"true\" class=\"e-font-icon-svg e-fas-chevron-left\" viewBox=\"0 0 320 512\" xmlns=\"http:\/\/www.w3.org\/2000\/svg\"><path d=\"M34.52 239.03L228.87 44.69c9.37-9.37 24.57-9.37 33.94 0l22.67 22.67c9.36 9.36 9.37 24.52.04 33.9L131.49 256l154.02 154.75c9.34 9.38 9.32 24.54-.04 33.9l-22.67 22.67c-9.37 9.37-24.57 9.37-33.94 0L34.52 272.97c-9.37-9.37-9.37-24.57 0-33.94z\"><\/path><\/svg>\t\t\t\t\t\t<\/span>\n\t\t\t\t\t\t\t\t\t\t<span class=\"elementor-icon-list-text\">beh\u00f6rdenmanagement<\/span>\n\t\t\t\t\t\t\t\t\t\t\t<\/a>\n\t\t\t\t\t\t\t\t\t<\/li>\n\t\t\t\t\t\t<\/ul>\n\t\t\t\t\t\t<\/div>\n\t\t\t\t<\/div>\n\t\t\t\t<div class=\"elementor-element elementor-element-09b328f elementor-icon-list--layout-inline elementor-align-end elementor-list-item-link-full_width elementor-widget elementor-widget-icon-list\" data-id=\"09b328f\" data-element_type=\"widget\" data-e-type=\"widget\" data-widget_type=\"icon-list.default\">\n\t\t\t\t<div class=\"elementor-widget-container\">\n\t\t\t\t\t\t\t<ul class=\"elementor-icon-list-items elementor-inline-items\">\n\t\t\t\t\t\t\t<li class=\"elementor-icon-list-item elementor-inline-item\">\n\t\t\t\t\t\t\t\t\t\t\t<a href=\"https:\/\/www.bruckner-schmitzer.at\/?page_id=726\">\n\n\t\t\t\t\t\t\t\t\t\t\t\t<span class=\"elementor-icon-list-icon\">\n\t\t\t\t\t\t\t<svg aria-hidden=\"true\" class=\"e-font-icon-svg e-fas-chevron-right\" viewBox=\"0 0 320 512\" xmlns=\"http:\/\/www.w3.org\/2000\/svg\"><path d=\"M285.476 272.971L91.132 467.314c-9.373 9.373-24.569 9.373-33.941 0l-22.667-22.667c-9.357-9.357-9.375-24.522-.04-33.901L188.505 256 34.484 101.255c-9.335-9.379-9.317-24.544.04-33.901l22.667-22.667c9.373-9.373 24.569-9.373 33.941 0L285.475 239.03c9.373 9.372 9.373 24.568.001 33.941z\"><\/path><\/svg>\t\t\t\t\t\t<\/span>\n\t\t\t\t\t\t\t\t\t\t<span class=\"elementor-icon-list-text\">bau<\/span>\n\t\t\t\t\t\t\t\t\t\t\t<\/a>\n\t\t\t\t\t\t\t\t\t<\/li>\n\t\t\t\t\t\t<\/ul>\n\t\t\t\t\t\t<\/div>\n\t\t\t\t<\/div>\n\t\t\t\t<\/div>\n\t\t\t\t\t<\/div>\n\t\t\t\t<\/div>\n\t\t<div class=\"elementor-element elementor-element-71d8613 e-flex e-con-boxed e-con e-parent\" data-id=\"71d8613\" data-element_type=\"container\" data-e-type=\"container\" data-settings=\"{&quot;background_background&quot;:&quot;classic&quot;}\">\n\t\t\t\t\t<div class=\"e-con-inner\">\n\t\t<div class=\"elementor-element elementor-element-918506e e-con-full e-flex e-con e-child\" data-id=\"918506e\" data-element_type=\"container\" data-e-type=\"container\">\n\t\t\t\t<div class=\"elementor-element elementor-element-7f9e42c hover-swap image2 elementor-widget elementor-widget-image\" data-id=\"7f9e42c\" data-element_type=\"widget\" data-e-type=\"widget\" id=\"image2\" data-widget_type=\"image.default\">\n\t\t\t\t<div class=\"elementor-widget-container\">\n\t\t\t\t\t\t\t\t\t\t\t\t\t\t\t<img fetchpriority=\"high\" decoding=\"async\" width=\"800\" height=\"534\" src=\"data:image\/gif;base64,R0lGODlhAQABAIAAAAAAAP\/\/\/yH5BAEAAAAALAAAAAABAAEAAAIBRAA7\" data-src=\"https:\/\/www.bruckner-schmitzer.at\/wp-content\/uploads\/2025\/04\/facades-of-high-buildings-and-cloudy-sky-2025-04-04-08-09-18-utc-1024x684.jpg\" class=\"attachment-large size-large wp-image-343 lazyload\" alt=\"Schwarzwei\u00df Bild eines gro\u00dfen quadratischen Hauses, Teile des Himmels\" data-srcset=\"https:\/\/www.bruckner-schmitzer.at\/wp-content\/uploads\/2025\/04\/facades-of-high-buildings-and-cloudy-sky-2025-04-04-08-09-18-utc-1024x684.jpg 1024w, https:\/\/www.bruckner-schmitzer.at\/wp-content\/uploads\/2025\/04\/facades-of-high-buildings-and-cloudy-sky-2025-04-04-08-09-18-utc-300x200.jpg 300w, https:\/\/www.bruckner-schmitzer.at\/wp-content\/uploads\/2025\/04\/facades-of-high-buildings-and-cloudy-sky-2025-04-04-08-09-18-utc-768x513.jpg 768w, https:\/\/www.bruckner-schmitzer.at\/wp-content\/uploads\/2025\/04\/facades-of-high-buildings-and-cloudy-sky-2025-04-04-08-09-18-utc-1536x1025.jpg 1536w, https:\/\/www.bruckner-schmitzer.at\/wp-content\/uploads\/2025\/04\/facades-of-high-buildings-and-cloudy-sky-2025-04-04-08-09-18-utc-2048x1367.jpg 2048w\" sizes=\"(max-width: 800px) 100vw, 800px\" \/><noscript><img decoding=\"async\" width=\"800\" height=\"534\" src=\"https:\/\/www.bruckner-schmitzer.at\/wp-content\/uploads\/2025\/04\/facades-of-high-buildings-and-cloudy-sky-2025-04-04-08-09-18-utc-1024x684.jpg\" class=\"attachment-large size-large wp-image-343 lazyload\" alt=\"Schwarzwei\u00df Bild eines gro\u00dfen quadratischen Hauses, Teile des Himmels\" srcset=\"https:\/\/www.bruckner-schmitzer.at\/wp-content\/uploads\/2025\/04\/facades-of-high-buildings-and-cloudy-sky-2025-04-04-08-09-18-utc-1024x684.jpg 1024w, https:\/\/www.bruckner-schmitzer.at\/wp-content\/uploads\/2025\/04\/facades-of-high-buildings-and-cloudy-sky-2025-04-04-08-09-18-utc-300x200.jpg 300w, https:\/\/www.bruckner-schmitzer.at\/wp-content\/uploads\/2025\/04\/facades-of-high-buildings-and-cloudy-sky-2025-04-04-08-09-18-utc-768x513.jpg 768w, https:\/\/www.bruckner-schmitzer.at\/wp-content\/uploads\/2025\/04\/facades-of-high-buildings-and-cloudy-sky-2025-04-04-08-09-18-utc-1536x1025.jpg 1536w, https:\/\/www.bruckner-schmitzer.at\/wp-content\/uploads\/2025\/04\/facades-of-high-buildings-and-cloudy-sky-2025-04-04-08-09-18-utc-2048x1367.jpg 2048w\" sizes=\"(max-width: 800px) 100vw, 800px\" \/><\/noscript>\t\t\t\t\t\t\t\t\t\t\t\t\t\t\t<\/div>\n\t\t\t\t<\/div>\n\t\t\t\t<\/div>\n\t\t<div class=\"elementor-element elementor-element-65994a6 e-con-full e-flex e-con e-child\" data-id=\"65994a6\" data-element_type=\"container\" data-e-type=\"container\">\n\t\t\t\t<div class=\"elementor-element elementor-element-a1ed22d elementor-widget elementor-widget-text-editor\" data-id=\"a1ed22d\" data-element_type=\"widget\" data-e-type=\"widget\" data-widget_type=\"text-editor.default\">\n\t\t\t\t<div class=\"elementor-widget-container\">\n\t\t\t\t\t\t\t\t\t<p>Projektsteuerung<\/p>\n<ul style=\"list-style: none; padding-left: 10; margin: 0;\">\n<li>_Kostenkontrolle<\/li>\n<li>_Terminkoordination<\/li>\n<li>_Qualit\u00e4tskontrolle<\/li><li><br><\/li>\n<\/ul>\n<p>Beweissicherung<\/p>\n<p>Projektdokumentation<\/p>\n<p>Erstellung und Pr\u00fcfung von Vertr\u00e4gen<\/p>\n<p>BauKG<\/p>\n<p>Begleitende Kontrolle<\/p>\n<p>Bestandsaufnahmen<\/p>\n<p>\u00dcbernahmebegehungen [Abnahmebegehung, M\u00e4ngelbegehungen, \u2026]<\/p>\n<p>Bauf\u00fchrung<\/p>\n<p>\u00d6BA<\/p>\t\t\t\t\t\t\t\t<\/div>\n\t\t\t\t<\/div>\n\t\t\t\t<div class=\"elementor-element elementor-element-256abe4 elementor-align-left elementor-mobile-align-center elementor-invisible elementor-widget elementor-widget-button\" data-id=\"256abe4\" data-element_type=\"widget\" data-e-type=\"widget\" data-settings=\"{&quot;_animation&quot;:&quot;fadeInUp&quot;}\" data-widget_type=\"button.default\">\n\t\t\t\t<div class=\"elementor-widget-container\">\n\t\t\t\t\t\t\t\t\t<div class=\"elementor-button-wrapper\">\n\t\t\t\t\t<a class=\"elementor-button elementor-button-link elementor-size-sm elementor-animation-bob\" href=\"https:\/\/www.bruckner-schmitzer.at\/\" target=\"_blank\">\n\t\t\t\t\t\t<span class=\"elementor-button-content-wrapper\">\n\t\t\t\t\t\t<span class=\"elementor-button-icon\">\n\t\t\t\t<i aria-hidden=\"true\" class=\"icon icon-chevron-left\"><\/i>\t\t\t<\/span>\n\t\t\t\t\t\t\t\t\t<span class=\"elementor-button-text\">zur startseite<\/span>\n\t\t\t\t\t<\/span>\n\t\t\t\t\t<\/a>\n\t\t\t\t<\/div>\n\t\t\t\t\t\t\t\t<\/div>\n\t\t\t\t<\/div>\n\t\t\t\t<\/div>\n\t\t\t\t\t<\/div>\n\t\t\t\t<\/div>\n\t\t\t\t<\/div>\n\t\t","protected":false},"excerpt":{"rendered":"<p>projektmanagement beh\u00f6rdenmanagement bau Projektsteuerung _Kostenkontrolle _Terminkoordination _Qualit\u00e4tskontrolle Beweissicherung Projektdokumentation Erstellung und Pr\u00fcfung von Vertr\u00e4gen BauKG Begleitende Kontrolle Bestandsaufnahmen \u00dcbernahmebegehungen [Abnahmebegehung, M\u00e4ngelbegehungen, \u2026] Bauf\u00fchrung \u00d6BA zur startseite<\/p>\n","protected":false},"author":1,"featured_media":0,"parent":0,"menu_order":0,"comment_status":"closed","ping_status":"closed","template":"","meta":{"footnotes":""},"class_list":["post-724","page","type-page","status-publish","hentry"],"_links":{"self":[{"href":"https:\/\/www.bruckner-schmitzer.at\/index.php?rest_route=\/wp\/v2\/pages\/724","targetHints":{"allow":["GET"]}}],"collection":[{"href":"https:\/\/www.bruckner-schmitzer.at\/index.php?rest_route=\/wp\/v2\/pages"}],"about":[{"href":"https:\/\/www.bruckner-schmitzer.at\/index.php?rest_route=\/wp\/v2\/types\/page"}],"author":[{"embeddable":true,"href":"https:\/\/www.bruckner-schmitzer.at\/index.php?rest_route=\/wp\/v2\/users\/1"}],"replies":[{"embeddable":true,"href":"https:\/\/www.bruckner-schmitzer.at\/index.php?rest_route=%2Fwp%2Fv2%2Fcomments&post=724"}],"version-history":[{"count":25,"href":"https:\/\/www.bruckner-schmitzer.at\/index.php?rest_route=\/wp\/v2\/pages\/724\/revisions"}],"predecessor-version":[{"id":1368,"href":"https:\/\/www.bruckner-schmitzer.at\/index.php?rest_route=\/wp\/v2\/pages\/724\/revisions\/1368"}],"wp:attachment":[{"href":"https:\/\/www.bruckner-schmitzer.at\/index.php?rest_route=%2Fwp%2Fv2%2Fmedia&parent=724"}],"curies":[{"name":"wp","href":"https:\/\/api.w.org\/{rel}","templated":true}]}}